f 16?
False
Is 18892568 a multiple of 109?
False
Is 102 a factor of 285502?
False
Does 55 divide 51590?
True
Is 854187 a multiple of 47?
False
Does 22 divide 323061?
False
Does 826 divide 905296?
True
Does 108 divide 82906?
False
Does 323 divide 106590?
True
Does 31 divide 980735?
False
Is 901065 a multiple of 129?
True
Is 95 a factor of 755250?
True
Is 233 a factor of 10149746?
False
Is 10 a factor of 467525?
False
Is 305 a factor of 227263?
False
Does 327 divide 2132470?
False
Is 65 a factor of 1188351?
False
Is 53 a factor of 73746?
False
Is 23307138 a multiple of 562?
False
Is 28576 a multiple of 608?
True
Does 566 divide 1340877?
False
Is 397 a factor of 205646?
True
Does 39 divide 270114?
True
Is 486341 a multiple of 298?
False
Is 381 a factor of 258883?
False
Is 18 a factor of 150714?
True
Does 19 divide 25422?
True
Is 3290310 a multiple of 30?
True
Does 7 divide 20133?
False
Is 555 a factor of 4849574?
False
Is 303 a factor of 64993?
False
Does 40 divide 1574680?
True
Is 47 a factor of 664964?
False
Is 95 a factor of 258176?
False
Is 4 a factor of 228885?
False
Is 15 a factor of 21225?
True
Is 128 a factor of 4960521?
False
Is 416585 even?
False
Does 11 divide 4028299?
True
Does 71 divide 10508?
True
Does 133 divide 154546?
True
Does 23 divide 4134?
False
Is 297102 a multiple of 28?
False
Does 421 divide 247969?
True
Is 4221994 a multiple of 7?
True
Does 28 divide 858844?
True
Does 399 divide 487179?
True
Does 31 divide 292913?
False
Does 597 divide 161787?
True
Is 182 a factor of 549822?
True
Does 9 divide 6741062?
False
Is 90241 a multiple of 71?
True
Is 16 a factor of 33168?
True
Is 3599331 a multiple of 29?
False
Is 3737244 a multiple of 14?
True
Is 2676522 a multiple of 317?
False
Is 2077 a factor of 18447914?
True
Is 3652033 a multiple of 77?
True
Is 2537714 a multiple of 395?
False
Does 376 divide 255325?
False
Does 71 divide 7610893?
False
Is 7 a factor of 13591487?
True
Does 18 divide 1415790?
True
Is 2 a factor of 1613935?
False
Is 5 a factor of 13400?
True
Does 420 divide 5725440?
True
Is 7237722 a multiple of 633?
True
Is 76 a factor of 208772?
True
Is 8859211 a multiple of 41?
False
Does 60 divide 400560?
True
Is 455259 a multiple of 122?
False
Does 29 divide 16172?
False
Is 13 a factor of 33281?
False
Is 38 a factor of 4753607?
False
Is 52286 even?
True
Is 215 a factor of 3312505?
True
Is 46 a factor of 89382?
False
Is 6444380 a multiple of 2039?
False
Is 11 a factor of 531752?
False
Does 196 divide 1809556?
False
Does 102 divide 256345?
False
Is 9 a factor of 16060?
False
Is 5345019 a multiple of 7?
False
Does 345 divide 307050?
True
Does 33 divide 54318?
True
Does 3 divide 48366?
True
Does 9 divide 19710?
True
Does 31 divide 4560457?
False
Is 198 a factor of 2185710?
False
Is 8 a factor of 257620?
False
Is 142 a factor of 14943512?
True
Does 241 divide 1409609?
True
Is 3 a factor of 4089?
True
Does 60 divide 1030426?
False
Is 13881135 a multiple of 15?
True
Does 656 divide 7564336?
True
Is 673048 a multiple of 47?
False
Is 60792 a multiple of 24?
True
Does 48 divide 1536146?
False
Does 20 divide 50743?
False
Is 39 a factor of 14001?
True
Is 65526 a multiple of 134?
True
Is 69 a factor of 247753?
False
Is 18 a factor of 18450?
True
Is 6902298 a multiple of 169?
True
Is 232 a factor of 29801?
False
Does 144 divide 238320?
True
Is 100 a factor of 82300?
True
Is 196320 a multiple of 15?
True
Is 67 a factor of 32747255?
True
Is 2 a factor of 6942?
True
Is 110 a factor of 509960?
True
Does 88 divide 15702023?
False
Is 1311152 a multiple of 38?
True
Is 26104 a multiple of 9?
False
Does 39 divide 4327047?
False
Is 7819968 a multiple of 964?
True
Does 256 divide 15662?
False
Is 6 a factor of 33254?
False
Does 194 divide 185270?
True
Is 14541729 a multiple of 18?
False
Is 190 a factor of 12730?
True
Does 56 divide 9365?
False
Does 38 divide 1347024?
True
Is 2608105 a multiple of 955?
True
Is 6000455 a multiple of 655?
True
Does 48 divide 10193091?
False
Does 185 divide 496637?
False
Is 5 a factor of 30763?
False
Does 266 divide 2568230?
True
Is 2127774 a multiple of 309?
True
Does 16 divide 1072160?
True
Does 13 divide 209384?
False
Does 14 divide 352030?
True
Is 16313 a multiple of 11?
True
Is 8 a factor of 13827?
False
Is 14221040 a multiple of 6?
False
Is 284493 a multiple of 3?
True
Is 29 a factor of 827028?
False
Is 32 a factor of 66752?
True
Does 13 divide 500111?
False
Is 306242 a multiple of 13?
False
Is 117 a factor of 166959?
True
Is 3281490 a multiple of 25?
False
Is 13 a factor of 756808?
True
Does 67 divide 1631450?
True
Is 849755 a multiple of 131?
False
Is 23 a factor of 1279076?
True
Does 172 divide 28689?
False
Is 289223 a multiple of 122?
False
Is 81228 a multiple of 42?
True
Is 285978 a multiple of 33?
True
Is 421792 a multiple of 28?
True
Is 26 a factor of 920920?
True
Is 18 a factor of 124650?
True
Does 5 divide 1302140?
True
Is 341 a factor of 4086885?
True
Is 425712 a multiple of 48?
True
Is 12 a factor of 13020?
True
Is 83 a factor of 985293?
True
Does 13 divide 2636894?
True
Does 330 divide 1140395?
False
Does 19 divide 127794?
True
Is 57420 a multiple of 6?
True
Does 394 divide 483832?
True
Is 1757767 a multiple of 73?
True
Does 42 divide 1022?
False
Is 889650 a multiple of 10?
True
Does 12 divide 4958413?
False
Is 351 a factor of 9006957?
False
Is 360233 a multiple of 45?
False
Is 6 a factor of 51168?
True
Does 106 divide 1260552?
True
Does 215 divide 3387795?
False
Is 465 a factor of 501280?
False
Is 472 a factor of 1964936?
True
Is 148 a factor of 3200648?
True
Is 13 a factor of 66092?
True
Is 368 a factor of 2261425?
False
Does 18 divide 63873?
False
Does 32 divide 440300?
False
Is 4390702 a multiple of 20?
False
Is 1266510 a multiple of 27?
False
Is 27 a factor of 576369?
True
Is 2475910 a multiple of 10?
True
Is 2 a factor of 23326?
True
Does 493 divide 613217?
False
Is 22615 a multiple of 5?
True
Does 169 divide 56925?
False
Does 2 divide 7612?
True
Does 40 divide 2202520?
True
Is 13 a factor of 45968?
True
Is 1194726 a multiple of 101?
False
Does 55 divide 7363161?
False
Does 41 divide 10447808?
False
Does 18 divide 34596?
True
Is 17 a factor of 682455?
False
Does 48 divide 93504?
True
Is 77 a factor of 4620?
True
Is 4 a factor of 6105?
False
Is 333 a factor of 269064?
True
Is 96 a factor of 4596454?
False
Does 108 divide 2574721?
False
Is 809 a factor of 4234730?
False
Is 55 a factor of 72270?
True
Is 25 a factor of 391150?
True
Is 390 a factor of 123968?
False
Does 36 divide 1115253?
False
Does 2 divide 17993?
False
Is 282240 a multiple of 480?
True
Is 68800 a multiple of 86?
True
Does 105 divide 89864?
False
Does 444 divide 810113?
False
Is 16116 a multiple of 237?
True
Is 7 a factor of 970725?
True
Is 571761 a multiple of 9?
True
Does 543 divide 446889?
True
Is 121 a factor of 1687950?
True
Does 582 divide 311952?
True
Is 27 a factor of 10320132?
False
Is 306 a factor of 134640?
True
Does 214 divide 197094?
True
Does 262 divide 508018?
True
Is 4 a factor of 17931?
False
Is 656110 a multiple of 91?
True
Does 88 divide 1010749?
False
Is 541700 a multiple of 10?
True
Is 606 a factor of 270276?
True
Is 770112 a multiple of 504?
True
Is 14 a factor of 116704?
True
Is 28 a factor of 3762164?
True
Does 840 divide 4178050?
False
Is 83801 a multiple of 101?
False
Does 26 divide 79586?
True
Is 196 a factor of 1554365?
False
Is 602659 a multiple of 41?
True
Is 38 a factor of 84884?
False
Is 1141760 a multiple of 32?
True
Is 35426330 a multiple of 2974?
False
Does 37 divide 376919?
True
Is 18 a factor of 2088990?
True
Does 16 divide 765883?
False
Is 5 a factor of 951188?
False
Does 43 divide 21679723?
False
Does 49 divide 414185?
False
Is 34 a factor of 2290586?
False
Does 117 divide 82602?
True
Is 35558 a multiple of 23?
True
Is 12 a factor of 119514?
False
Is 19 a factor of 13532256?
True
Does 230 divide 583510?
True
Is 28 a factor of 2943640?
True
Is 23139802 a multiple of 94?
False
Is 3861676 a multiple of 1359?
False
Is 6144908 a multiple of 77?
True
Is 27531 a multiple of 23?
True
Is 14760 a multiple of 7?
False
Is 2087725 a multiple of 58?
False
Does 574 divide 3451462?
True
Is 31 a factor of 1789661?
True
Is 36742 a multiple of 5?
False
Is 15614 a multiple of 74?
True
Is 1796 a factor of 801